 highest common factor of 5 and 12?
1
What is the highest common divisor of 340 and 799?
17
What is the greatest common factor of 4756 and 232?
116
Calculate the highest common factor of 1072 and 8.
8
Calculate the greatest common divisor of 5 and 505.
5
What is the highest common divisor of 36 and 198?
18
Calculate the highest common divisor of 77 and 56.
7
What is the greatest common divisor of 33 and 4367?
11
Calculate the highest common factor of 3342 and 12.
6
What is the highest common factor of 109 and 7303?
109
What is the highest common factor of 8 and 2?
2
What is the highest common divisor of 225 and 50?
25
Calculate the highest common divisor of 24 and 1896.
24
Calculate the highest common factor of 2674 and 28.
14
Calculate the greatest common factor of 80 and 560.
80
Calculate the greatest common factor of 67 and 1139.
67
Calculate the greatest common divisor of 3 and 21.
3
Calculate the greatest common factor of 1665 and 252.
9
What is the highest common factor of 675 and 18?
9
Calculate the highest common factor of 56 and 518.
14
What is the greatest common factor of 39 and 65?
13
Calculate the greatest common factor of 180 and 240.
60
Calculate the greatest common factor of 156 and 276.
12
What is the highest common divisor of 15 and 6?
3
What is the greatest common divisor of 68 and 340?
68
What is the highest common factor of 264 and 649?
11
Calculate the highest common divisor of 4730 and 20.
10
Calculate the greatest common factor of 574 and 126.
14
Calculate the highest common divisor of 391 and 27761.
391
Calculate the highest common factor of 84 and 48.
12
Calculate the highest common divisor of 3 and 114.
3
What is the greatest common divisor of 464 and 24?
8
Calculate the highest common factor of 135 and 60.
15
Calculate the highest common factor of 74 and 3478.
74
What is the highest common factor of 35 and 28?
7
Calculate the greatest common factor of 104 and 988.
52
Calculate the greatest common factor of 464 and 29.
29
What is the greatest common factor of 132 and 72?
12
What is the highest common factor of 264 and 462?
66
What is the greatest common factor of 8 and 2?
2
What is the highest common factor of 4 and 332?
4
What is the greatest common factor of 25 and 125?
25
Calculate the highest common factor of 80 and 3580.
20
Calculate the greatest common divisor of 1 and 2383.
1
Calculate the highest common divisor of 160 and 608.
32
What is the highest common factor of 18 and 306?
18
Calculate the greatest common factor of 57 and 1957.
19
Calculate the greatest common factor of 502 and 2.
2
What is the highest common factor of 6061 and 58?
29
Calculate the greatest common divisor of 62 and 2.
2
Calculate the greatest common divisor of 29 and 1769.
29
Calculate the highest common divisor of 6408 and 48.
24
What is the greatest common divisor of 8379 and 38?
19
Calculate the highest common divisor of 5461 and 129.
43
Calculate the highest common divisor of 5063 and 61.
61
What is the highest common divisor of 58 and 6670?
58
What is the highest common divisor of 1287 and 9?
9
What is the highest common factor of 39 and 327?
3
What is the highest common factor of 75 and 9?
3
Calculate the highest common factor of 224 and 126.
14
Calculate the greatest common divisor of 26 and 2314.
26
Calculate the highest common factor of 50 and 3530.
10
Calculate the greatest common factor of 7360 and 320.
320
What is the greatest common divisor of 72 and 200?
8
What is the highest common divisor of 112 and 432?
16
What is the greatest common factor of 715 and 440?
55
What is the highest common factor of 560 and 60?
20
What is the greatest common divisor of 3196 and 47?
47
Calculate the greatest common divisor of 80 and 100.
20
What is the highest common factor of 35 and 119?
7
What is the greatest common divisor of 74 and 1702?
74
What is the greatest common divisor of 2057 and 605?
121
Calculate the greatest common divisor of 560 and 200.
40
What is the highest common divisor of 174 and 290?
58
Calculate the highest common divisor of 64 and 304.
16
Calculate the highest common factor of 30 and 21.
3
What is the highest common factor of 4 and 1584?
4
What is the highest common divisor of 12 and 54?
6
Calculate the highest common divisor of 90 and 5256.
18
Calculate the greatest common factor of 43 and 215.
43
Calculate the highest common factor of 3636 and 72.
36
Calculate the highest common divisor of 13 and 12181.
13
Calculate the highest common factor of 37 and 74.
37
Calculate the greatest common divisor of 306 and 2346.
102
What is the greatest common divisor of 132 and 44?
44
Calculate the highest common factor of 312 and 416.
104
Calculate the greatest common factor of 180 and 9450.
90
What is the greatest common factor of 117 and 3627?
117
Calculate the highest common factor of 141 and 1880.
47
Calculate the highest common factor of 147 and 980.
49
What is the greatest common factor of 539 and 245?
49
Calculate the greatest common factor of 48 and 8488.
8
Calculate the greatest common divisor of 50 and 800.
50
What is the highest common factor of 23 and 81765?
23
What is the highest common factor of 900 and 252?
36
Calculate the greatest common divisor of 1026 and 270.
54
Calculate the highest common divisor of 240 and 15.
15
What is the greatest common factor of 72 and 36?
36
What is the greatest common factor of 47083 and 239?
239
What is the highest common divisor of 37 and 185?
37
What is the highest common factor of 682 and 88?
22
What is the highest common divisor of 1520 and 656?
16
Calculate the greatest common factor of 24 and 513.
3
What is the greatest common factor of 68918 and 34?
34
What is the highest common divisor of 43 and 774?
43
What is the highest common factor of 68 and 1309?
17
What is the greatest common factor of 369 and 164?
41
What is the highest common divisor of 4 and 17328?
4
Calculate the greatest common divisor of 1708 and 61.
61
Calculate the highest common factor of 86 and 2150.
86
What is the greatest common divisor of 448 and 208?
16
Calculate the greatest common divisor of 5063 and 61.
61
Calculate the highest common divisor of 24 and 35976.
24
Calculate the highest common factor of 11001 and 57.
57
Calculate the greatest common divisor of 238 and 14.
14
What is the highest common divisor of 56 and 632?
8
Calculate the highest common factor of 25220 and 40.
20
What is the highest common divisor of 10218 and 1048?
262
Calculate the highest common divisor of 12 and 534.
6
Calculate the highest common divisor of 96 and 132.
12
Calculate the highest common divisor of 815 and 5.
5
What is the highest common divisor of 42 and 266?
14
Calculate the greatest common factor of 429 and 297.
33
Calculate the greatest common divisor of 63 and 792.
9
Calculate the greatest common divisor of 15 and 1850.
5
Calculate the highest common factor of 80 and 15.
5
Calculate the highest common factor of 105 and 150.
15
Calculate the greatest common factor of 68 and 391.
17
What is the greatest common divisor of 21924 and 189?
189
What is the highest common divisor of 136 and 4216?
136
Calculate the highest common divisor of 26 and 6.
2
Calculate the greatest common divisor of 949 and 221.
13
What is the greatest common divisor of 171 and 399?
57
Calculate the highest common divisor of 99 and 352.
11
What is the greatest common factor of 10 and 4630?
10
Calculate the highest common divisor of 35 and 112.
7
What is the highest common factor of 609 and 21?
21
What is the highest common divisor of 4 and 292?
4
What is the greatest common factor of 12 and 642?
6
What is the highest common factor of 8960 and 595?
35
Calculate the greatest common factor of 26 and 2925.
13
What is the highest common factor of 483 and 23?
23
What is the greatest common divisor of 80 and 280?
40
What is the greatest common divisor of 51 and 57?
3
Calculate the highest common divisor of 1799 and 5911.
257
What is the greatest common divisor of 17 and 1139?
17
What is the highest common divisor of 58 and 319?
29
What is the highest common divisor of 24006 and 6?
6
What is the greatest common divisor of 928 and 348?
116
Calculate the highest common factor of 735 and 84.
21
What is the greatest common divisor of 40 and 1880?
40
Calc